 = 4*w. What is the units digit of w?
1
Let q(g) = 2*g**2 - 5*g - 9. What is the tens digit of q(-7)?
2
Let f(q) = q**3 + 6*q**2 + 4*q - 1. Let y be f(-5). Suppose -5*j = -3*v + 140, 2*v = y*v + 4*j - 64. What is the tens digit of v?
4
Suppose 0*x = 5*x. Let l be (-1 - x - 0) + 4. What is the units digit of (l/(-6))/(2/(-8))?
2
Let a(j) = -j**3 + j - 1. Let f be (2/(-2))/((-9)/(-27)). Let g(s) = -s**3 + 7*s - 6. Let q(d) = f*a(d) + g(d). What is the tens digit of q(2)?
2
Suppose 4*v - v = 9. Suppose 3*a = v*f + 38 + 31, 0 = -4*a + f + 104. What is the tens digit of a?
2
Let o = -133 + 123. Let v(j) = -6*j - 2*j**3 - 6*j - 11*j**2 - 14 + j**3. What is the units digit of v(o)?
6
What is the units digit of 93/6*12/6?
1
Suppose 80 = 8*y - 3*y. What is the tens digit of y?
1
Let j(i) be the first derivative of i**3/3 - 3*i**2/2 + 3*i + 1. Let y be ((-6)/9)/(6/(-27)). What is the units digit of j(y)?
3
Let u(p) = 2*p**2 + 3*p. Let y be u(-2). Suppose -y*c = -0 + 4. What is the units digit of 3*(14/(-3))/c?
7
Let g(o) = 7*o**2 - 5*o - 3. Let p be g(-3). Suppose -15 - p = -2*w. What is the tens digit of w?
4
Suppose 4*q + 2*a - 28 = 0, 8*q + 3*a - 37 = 3*q. Let b be 0/2 - (1 - q). Suppose -8 = -2*x - 2*r, -b*x + r = -4 - 17. What is the units digit of x?
5
Let v = 133 + -30. What is the tens digit of v?
0
Suppose -a + 3*x = 12, 5*a + 3*x = -0*a + 30. Suppose -3*p + 4*p + 9 = 2*m, 4*m = a*p + 17. What is the units digit of p?
1
What is the tens digit of (3 + -4)/(3/(-141))?
4
Let q be 2*2/(4/(-14)). Let s = -20 - -16. Let v = s - q. What is the units digit of v?
0
Let x(h) = h**3 + 13*h**2 + 12*h + 3. Let t be ((-8)/3)/((-12)/(-54)). Let m be x(t). Suppose -m*j + 16 - 7 = 0. What is the units digit of j?
3
Let o(d) = 7*d - 1. Let q be o(1). What is the tens digit of (5 - q)*(-11)/1?
1
Let b = -211 - -303. What is the units digit of b?
2
Let f be (-2 + 2)/1 + 2. What is the units digit of (f/6)/((-5)/(-15))?
1
Suppose s + 4*r = -s + 2, 0 = 3*s + r - 13. Suppose d + m - 14 = -3*m, 0 = s*d + 2*m - 70. What is the tens digit of d?
1
Suppose -3*n - y - 219 = -8*n, -121 = -3*n - 2*y. What is the tens digit of n?
4
What is the tens digit of (18/27)/((-2)/(-108))?
3
Let h(n) = -3*n**3 - 10*n**2 - 9*n - 11. Let q(d) = -16*d**3 - 50*d**2 - 44*d - 55. Let v(x) = 11*h(x) - 2*q(x). What is the units digit of v(-9)?
7
Let x = -95 + 179. Suppose 0 = 7*z - 224 - x. What is the units digit of z?
4
Suppose -i - 2 = -0*i. Let r = 13 + i. What is the units digit of r?
1
Suppose -5*x - 4*q - 11 = 0, 2*x - 15 = -x + 3*q. Let l = -10 + 20. Let s = l - x. What is the units digit of s?
9
Let d(v) = -3 + 0*v - 3*v + 4*v. Let l be d(6). Let o = 9 - l. What is the units digit of o?
6
Suppose 0 = 2*d + 5*p - 23 - 46, -15 = -3*p. What is the tens digit of (-2 + d - 0) + -1?
1
Let z(k) = -k**2 + 10*k. Suppose s = 1 - 0. Let j be (-1 - -10) + (1 - s). What is the units digit of z(j)?
9
Let z be (80/6 + -1)*-3. Let x = 0 - z. Suppose 4*k = 5*b + x, 0 = k + 2*k + 3*b - 21. What is the units digit of k?
8
Suppose -8*b + 21 = -5*b. What is the units digit of b?
7
Let t = 19 - 2. Let h = t - 6. What is the tens digit of h?
1
Suppose i - 3*r - 22 = -4, -3*i = r - 104. Let k = i + -28. What is the units digit of k?
5
Suppose -l + 28 = 3*w + 3*l, -2*w - 2*l = -16. Suppose y + 4*y + 21 = r, w*y + 36 = 2*r. What is the units digit of r?
6
Let l(t) = 6*t + 13. Let x be l(10). Let i = x - 52. What is the units digit of i?
1
Suppose 0*t + 4 = -t. Let k = t - -7. What is the units digit of k?
3
Let t(k) = -k**3 + 11*k**2 + 11. What is the hundreds digit of t(9)?
1
Suppose 0 = -5*l - w + 84, l - 21 = -2*w - 6. What is the tens digit of l?
1
Let w = 40 - 19. What is the tens digit of w?
2
Let w be -5 - ((-6)/(-2) - 0). Let f(h) = -h**2 - 14*h - 19. What is the units digit of f(w)?
9
Let m = 52 + 74. What is the hundreds digit of m?
1
Let y = -125 + 191. Suppose 5*d - 5*j = 135, -42 = -4*d - 5*j + y. Let h = d + -12. What is the tens digit of h?
1
Suppose -3*l + 8*l - 15 = 0. What is the units digit of l?
3
Let n be (-15)/2 + 2/4. Let x(w) = w + 10. Let u be x(n). What is the tens digit of u/(-18)*-3*26?
1
Suppose -2*v - j - 37 = 0, -43 = v + 2*v + 4*j. Let t = v - -31. What is the units digit of t?
0
Let l = -18 - -13. What is the units digit of (2/l)/(2/(-30))?
6
Suppose -30 = 4*b - 2. Let h = -4 - b. Suppose -h*x + 6 = -x. What is the units digit of x?
3
Suppose -g - 220 = -5*q, -q + g = -g - 53. What is the units digit of q?
3
Suppose 5*g = 2*w + 21, -4*w - 4 = -2*g + 14. What is the units digit of 3/(3/11) + w?
8
Let u(j) = j**2 + 2*j + 3. Let g be u(-2). Suppose g*p = 79 + 29. What is the units digit of p?
6
Suppose -5*q = -24 - 6. Suppose g + q*l - l - 33 = 0, 1 = 2*g - 3*l. What is the units digit of g?
8
Let l(q) be the second derivative of 0 + q**3 - 2*q + q**2 - 1/12*q**4. What is the tens digit of l(4)?
1
Suppose g + 4*j + j = 17, 2*j = -g + 11. Suppose 65 = 4*h - g. What is the tens digit of 16/(-72) - (-238)/h?
1
Let d be 1 - (-1)/(-2)*-2. Let m = d - 4. What is the units digit of -2*m/8*2?
1
Let x(a) be the third derivative of 1/8*a**4 - 4/3*a**3 + 0 + 0*a + 2*a**2. What is the tens digit of x(6)?
1
Let a = -5 - 14. Suppose -24 = -0*r + 2*r. Let w = r - a. What is the units digit of w?
7
Let o(u) be the third derivative of -u**6/360 - u**5/30 + u**4/8 - u**2. Let c(f) be the second derivative of o(f). What is the units digit of c(-9)?
4
Let d(a) = 3*a - 3. Let i be d(3). Suppose -i*y + y + 25 = 0. What is the units digit of y?
5
Let a = 26 - 14. What is the tens digit of a?
1
What is the tens digit of (-2 + -5 - -3) + 35?
3
Suppose -2*x + 80 = u, -4*x + 20 = -u - 152. Suppose -4*y + q + 45 = -2*q, 2*q = 4*y - x. What is the units digit of y?
9
Let j(a) = 5*a + 2 + 1 + 1 - 7 - a**2. Let f(q) = q**3 + 9*q**2 + 9*q + 12. Let n be f(-8). What is the units digit of j(n)?
1
Let h be (3/(-9))/(1/(-6)). Let l(y) = 7*y**2 + 2*y - 1. Let c be l(h). Suppose 4*v - c = 5. What is the units digit of v?
9
Let a = 53 - 14. What is the tens digit of a?
3
Suppose -2*w - 3*w = -5, -k - 3*w + 42 = 0. What is the tens digit of k?
3
Let o(u) = -2*u - 3. Let i be o(-4). Suppose -i*f = 5 - 105. What is the tens digit of f?
2
What is the units digit of (4 - 5)*1 + 223?
2
Let g(x) = 3*x**2 - 7*x - 7. What is the hundreds digit of g(8)?
1
Let z = -64 - -193. Suppose -z = -4*y + 3*d, d - 133 = 2*y - 6*y. What is the tens digit of y?
3
Suppose 0 = -34*s + 37*s - 372. What is the hundreds digit of s?
1
Let l be -3 + 6 + (2 - 2). Suppose l*w - 5*w = -12. What is the units digit of w?
6
Suppose 328 = 6*t + 76. What is the units digit of t?
2
Let w(b) be the second derivative of -b**7/2520 + b**6/90 + b**5/24 + b**4/12 + b. Let x(d) be the third derivative of w(d). What is the units digit of x(8)?
5
Let a = -20 - -43. Let q be (0 + a)/1 + 2. Suppose -q - 15 = -4*l. What is the tens digit of l?
1
Suppose -c + x - 3*x = -2, x = -3. Suppose 0*o - 5*o + 45 = 0. What is the units digit of (o/4)/(3/c)?
6
Let j = -6 + 8. Suppose -3*f - 5*b + 3 + 2 = 0, -3*f + 3*b = 3. Suppose f*k + j*k - 14 = 0. What is the units digit of k?
7
Suppose 8*s = -2*s + 200. What is the tens digit of s?
2
Let o be 4/(-6) - 16/(-6). Suppose 0*w = o*k + w - 9, -5*w = -2*k + 3. Suppose -2*j - 2 = -2*f + j, k*f - 14 = j. What is the units digit of f?
4
What is the hundreds digit of (11 + -67)*6/(-2)?
1
Suppose 3 = -4*j + 7*j. What is the units digit of j?
1
Let c(u) = -6 + 5 + 0 + 10*u. Let y be (1/2)/(4/8). What is the units digit of c(y)?
9
Let d(o) = o**3 + 4*o**2 - o + 2. Let v be -3*((-8)/(-3))/(-4). Let k = v + -6. What is the units digit of d(k)?
6
Suppose -r - u = -9, -5*u + u = -4*r + 36. Let b = r - 5. What is the units digit of b?
4
Let r(m) = 4*m**2 + 8*m + 3. Let v(c) = 3*c**2 + 8*c + 3. Let y(u) = -2*r(u) + 3*v(u). What is the tens digit of y(-9)?
1
Suppose 3*t = 2*n - 0*n + 40, t + 4*n + 10 = 0. What is the units digit of t?
0
Let d(h) be the second derivative of -1/3*h**3 - 3*h - 1/3*h**4 + 0*h**2 + 0 - 1/5*h**5. What is the tens digit of d(-2)?
2
Suppose 4*v + 50 = 2*t + t, v - 55 = -3*t. What is the units digit of t?
8
Suppose 4*j = -6 + 18. Suppose -3*f - j = -33. What is the tens digit of f?
1
Suppose 2*u = -3*u + 20. Suppose 